of 47336?
3
What is the thousands digit of 4475?
4
What is the units digit of 29818?
8
What is the units digit of 31871?
1
What is the units digit of 16978?
8
What is the units digit of 530?
0
What is the tens digit of 823?
2
What is the hundreds digit of 606?
6
What is the hundreds digit of 1243?
2
What is the units digit of 914?
4
What is the units digit of 6844?
4
What is the thousands digit of 1135?
1
What is the thousands digit of 2124?
2
What is the ten thousands digit of 34615?
3
What is the units digit of 37959?
9
What is the thousands digit of 1276?
1
What is the units digit of 28069?
9
What is the ten thousands digit of 25897?
2
What is the thousands digit of 1936?
1
What is the tens digit of 46159?
5
What is the hundreds digit of 1332?
3
What is the tens digit of 2017?
1
What is the hundreds digit of 11531?
5
What is the hundreds digit of 1636?
6
What is the thousands digit of 27492?
7
What is the thousands digit of 1952?
1
What is the hundreds digit of 94554?
5
What is the ten thousands digit of 23287?
2
What is the thousands digit of 1359?
1
What is the units digit of 5871?
1
What is the hundreds digit of 1568?
5
What is the hundreds digit of 55771?
7
What is the hundreds digit of 111807?
8
What is the hundreds digit of 2410?
4
What is the hundreds digit of 300?
3
What is the units digit of 1022?
2
What is the ten thousands digit of 44710?
4
What is the units digit of 4878?
8
What is the thousands digit of 5712?
5
What is the tens digit of 968?
6
What is the thousands digit of 9711?
9
What is the tens digit of 1572?
7
What is the tens digit of 13?
1
What is the thousands digit of 19888?
9
What is the units digit of 88?
8
What is the hundreds digit of 14071?
0
What is the tens digit of 20687?
8
What is the thousands digit of 2276?
2
What is the units digit of 62996?
6
What is the units digit of 9355?
5
What is the ten thousands digit of 14367?
1
What is the hundreds digit of 40234?
2
What is the units digit of 498?
8
What is the hundreds digit of 51919?
9
What is the units digit of 1870?
0
What is the thousands digit of 53592?
3
What is the thousands digit of 1577?
1
What is the thousands digit of 1929?
1
What is the thousands digit of 64729?
4
What is the tens digit of 64976?
7
What is the hundreds digit of 6386?
3
What is the thousands digit of 73075?
3
What is the units digit of 90887?
7
What is the hundreds digit of 785?
7
What is the units digit of 1267?
7
What is the hundreds digit of 43700?
7
What is the hundreds digit of 313?
3
What is the units digit of 14017?
7
What is the tens digit of 81712?
1
What is the thousands digit of 1096?
1
What is the tens digit of 2720?
2
What is the units digit of 27?
7
What is the units digit of 3683?
3
What is the tens digit of 594?
9
What is the hundreds digit of 20461?
4
What is the hundreds digit of 4247?
2
What is the units digit of 509?
9
What is the hundreds digit of 6202?
2
What is the hundreds digit of 892?
8
What is the units digit of 10088?
8
What is the units digit of 3329?
9
What is the hundreds digit of 811?
8
What is the units digit of 10296?
6
What is the tens digit of 38667?
6
What is the ten thousands digit of 24236?
2
What is the units digit of 1135?
5
What is the tens digit of 53486?
8
What is the hundreds digit of 7183?
1
What is the hundreds digit of 2255?
2
What is the units digit of 577?
7
What is the thousands digit of 1291?
1
What is the units digit of 93?
3
What is the hundreds digit of 961?
9
What is the units digit of 979?
9
What is the tens digit of 4721?
2
What is the units digit of 1372?
2
What is the tens digit of 1220?
2
What is the thousands digit of 38336?
8
What is the units digit of 20386?
6
What is the tens digit of 19768?
6
What is the units digit of 2967?
7
What is the thousands digit of 2622?
2
What is the tens digit of 18687?
8
What is the thousands digit of 95273?
5
What is the hundreds digit of 6913?
9
What is the tens digit of 359?
5
What is the hundreds digit of 49059?
0
What is the hundreds digit of 825?
8
What is the hundreds digit of 963?
9
What is the units digit of 7979?
9
What is the tens digit of 3070?
7
What is the tens digit of 899?
9
What is the ten thousands digit of 12147?
1
What is the tens digit of 718?
1
What is the ten thousands digit of 42868?
4
What is the units digit of 74552?
2
What is the tens digit of 6249?
4
What is the ten thousands digit of 31746?
3
What is the units digit of 1327?
7
What is the thousands digit of 11701?
1
What is the ten thousands digit of 20871?
2
What is the units digit of 897?
7
What is the tens digit of 364?
6
What is the units digit of 57?
7
What is the hundreds digit of 4132?
1
What is the units digit of 3303?
3
What is the tens digit of 4529?
2
What is the hundreds digit of 1437?
4
What is the hundreds digit of 6549?
5
What is the units digit of 2002?
2
What is the units digit of 568?
8
What is the tens digit of 517?
1
What is the ten thousands digit of 25221?
2
What is the thousands digit of 32844?
2
What is the hundreds digit of 137830?
8
What is the tens digit of 41171?
7
What is the hundreds digit of 3281?
2
What is the units digit of 3440?
0
What is the units digit of 3178?
8
What is the ten thousands digit of 13021?
1
What is the hundreds digit of 527?
5
What is the hundreds digit of 906?
9
What is the tens digit of 637?
3
What is the tens digit of 539?
3
What is the hundreds digit of 315?
3
What is the units digit of 105168?
8
What is the hundreds digit of 213?
2
What is the ten thousands digit of 34050?
3
What is the units digit of 23523?
3
What is the thousands digit of 9622?
9
What is the thousands digit of 1924?
1
What is the units digit of 42287?
7
What is the units digit of 996?
6
What is the hundreds digit of 7845?
8
What is the hundreds digit of 6606?
6
What is the thousands digit of 10680?
0
What is the hundreds digit of 3990?
9
What is the hundreds digit of 15844?
8
What is the hundreds digit of 701?
7
What is the tens digit of 15346?
4
What is the ten thousands digit of 12211?
1
What is the ten thousands digit of 21805?
2
What is the units digit of 545?
5
What is the units digit of 7698?
8
What is the ten thousands digit of 94436?
9
What is the units digit of 864?
4
What is the thousands digit of 3070?
3
What is the tens digit of 148835?
3
What is the tens digit of 2836?
3
What is the tens digit of 11509?
0
What is the thousands digit of 1022?
1
What is the units digit of 2110?
0
What is the units digit of 15401?
1
What is the thousands digit of 51047?
1
What is the hundred thousands digit of 116361?
1
What is the tens digit of 867?
6
What is the thousands digit of 63502?
3
What is the ten thousands digit of 11926?
1
What is the thousands digit of 3039?
3
What is the units digit of 31532?
2
What is the units digit of 3411?
1
What is the thousands digit of 5469?
5
What is the hundreds digit of 14736?
7
What is the hundred thousands digit of 118572?
1
What is the tens digit of 18247?
4
What is the ten thousands digit of 46113?
4
What is the ten thousands digit of 19653?
1
What is the units digit of 1615?
5
What is the tens digit of 21129?
2
What is the tens digit of 3762?
6
What is the units digit of 100730?
0
What is the hundreds digit of 311?
3
What is the tens digit of 841?
4
What is the ten thousands digit of 72039?
7
What is the tens digit of 2223?
2
What is the tens digit of 5380?
8
What is the hundreds digit of 56541?
5
What is the thousands digit of 3182?
3
What is the units digit of 10297?
7
What is the hundreds digit of 33840?
8
What is the tens digit of 2036?
3
What is the units digit of 94933?
3
What is the tens digit of 2184?
8
What is the thousands digit of 16895?
6
What is the thousands digit of 12300?
2
What is the units digit of 877?
7
What is the ten thousands digit of 96236?
9
What is the hundreds digit of 3775?
7
What is the hundreds digit of 118798?
7
What is the units digit of 8384?
4
What is the hundreds digit of 160?
1
What is the hundreds digit of 33772?
7
What is the tens digit of 895?
9
What is the hundreds digit of 42812?
8
What is the tens digit of 5172?
7
What is the tens digit of 3949?
4
What is the hundreds digit of 71756?
7
What is the tens digit of 165683?
8
What is the hundreds digit of 1588?
5
What is the ten thousands digit of 41395?
4
Wha